{"id":3679,"date":"2024-08-23T11:42:15","date_gmt":"2024-08-23T09:42:15","guid":{"rendered":"https:\/\/eimacreacio.com\/residencia\/acordes-y-desacuerdos\/"},"modified":"2025-07-28T12:14:59","modified_gmt":"2025-07-28T10:14:59","slug":"acordes-y-desacuerdos","status":"publish","type":"residencia","link":"https:\/\/eimacreacio.com\/es\/recidencia\/acordes-y-desacuerdos\/","title":{"rendered":"ACORDES Y DESACUERDOS"},"content":{"rendered":"\n<p>En esta residencia art\u00edstica se plantea el di\u00e1logo entre el artista visual Rub\u00e9n Vilanova y la bailarina y core\u00f3grafa N\u00faria Sotelo en el espacio natural de Mallorca. Los dos creadores, inmersos desde hace d\u00e9cadas en diversos proyectos de vida, gesti\u00f3n cultural y producci\u00f3n esc\u00e9nica, quieren iniciar una investigaci\u00f3n sobre sus sinergias en el campo art\u00edstico.<\/p>\n\n<p>Una ISLA es lo que necesitamos tanto literal como metaf\u00f3ricamente para ello. Sumando este espacio natural y metaf\u00f3rico, contar con la presencia de la experimentada bailarina y core\u00f3grafa Maria Ant\u00f2nia Oliver es un valor a\u00f1adido a la hora de abordar el trabajo y compartir nuestras inquietudes a nivel de movimiento y est\u00e9tica, as\u00ed como para guiarnos en los parajes de la isla.<\/p>\n\n<p><strong>Como punto de partida:<\/strong><\/p>\n\n<p>\u00bfQu\u00e9 se propone desde el cuerpo y qu\u00e9 se propone desde el dispositivo que capta?<\/p>\n\n<p>\u00bfC\u00f3mo dialoga este tr\u00edo: naturaleza, cuerpo, ojo?<\/p>\n\n<p>\u00bfQu\u00e9 sinergias se establecen? \u00bfExisten jerarqu\u00edas? \u00bfPodemos ir m\u00e1s all\u00e1 de las mismas?<\/p>\n\n<p>\u00bfC\u00f3mo jugamos con la alteridad? \u00bfCu\u00e1l es la relaci\u00f3n \u00edntima que se genera entre quien observa y quien se deja observar? Entre quien es observado y quien se deja observar. \u00bfPodemos cambiar los roles sin cambiar los dispositivos? \u00bfQu\u00e9 hay del uno en el otro?<\/p>\n\n<p>Sin un objetivo productivo como punto de partida, se generar\u00e1n im\u00e1genes y aparecer\u00e1n nuevas formas de ser de los cuerpos y el movimiento.<\/p>\n\n<p>El resto tendremos que descubrirlo.<\/p>\n","protected":false},"excerpt":{"rendered":"<p>En esta residencia art\u00edstica se plantea el di\u00e1logo entre el artista visual Rub\u00e9n Vilanova y la bailarina y core\u00f3grafa N\u00faria Sotelo en el espacio natural de Mallorca. Los dos creadores, inmersos desde hace d\u00e9cadas en diversos proyectos de vida, gesti\u00f3n cultural y producci\u00f3n esc\u00e9nica, quieren iniciar una investigaci\u00f3n sobre sus sinergias en el campo art\u00edstico. [&hellip;]<\/p>\n","protected":false},"author":3,"featured_media":3670,"template":"","edicio":[63],"tipus":[66],"class_list":["post-3679","residencia","type-residencia","status-publish","has-post-thumbnail","hentry","edicio-2024-es-2","tipus-libres"],"acf":[],"_links":{"self":[{"href":"https:\/\/eimacreacio.com\/es\/wp-json\/wp\/v2\/residencia\/3679","targetHints":{"allow":["GET"]}}],"collection":[{"href":"https:\/\/eimacreacio.com\/es\/wp-json\/wp\/v2\/residencia"}],"about":[{"href":"https:\/\/eimacreacio.com\/es\/wp-json\/wp\/v2\/types\/residencia"}],"author":[{"embeddable":true,"href":"https:\/\/eimacreacio.com\/es\/wp-json\/wp\/v2\/users\/3"}],"version-history":[{"count":1,"href":"https:\/\/eimacreacio.com\/es\/wp-json\/wp\/v2\/residencia\/3679\/revisions"}],"predecessor-version":[{"id":4472,"href":"https:\/\/eimacreacio.com\/es\/wp-json\/wp\/v2\/residencia\/3679\/revisions\/4472"}],"wp:featuredmedia":[{"embeddable":true,"href":"https:\/\/eimacreacio.com\/es\/wp-json\/wp\/v2\/media\/3670"}],"wp:attachment":[{"href":"https:\/\/eimacreacio.com\/es\/wp-json\/wp\/v2\/media?parent=3679"}],"wp:term":[{"taxonomy":"edicio","embeddable":true,"href":"https:\/\/eimacreacio.com\/es\/wp-json\/wp\/v2\/edicio?post=3679"},{"taxonomy":"tipus","embeddable":true,"href":"https:\/\/eimacreacio.com\/es\/wp-json\/wp\/v2\/tipus?post=3679"}],"curies":[{"name":"wp","href":"https:\/\/api.w.org\/{rel}","templated":true}]}}

<p>En esta residencia artística se plantea el diálogo entre el artista visual Rubén Vilanova y la bailarina y coreógrafa Núria Sotelo en el espacio natural de Mallorca. Los dos creadores, inmersos desde hace décadas en diversos proyectos de vida, gestión cultural y producción escénica, quieren iniciar una investigación sobre sus sinergias en el campo artístico.</p>

<p>Una ISLA es lo que necesitamos tanto literal como metafóricamente para ello. Sumando este espacio natural y metafórico, contar con la presencia de la experimentada bailarina y coreógrafa Maria Antònia Oliver es un valor añadido a la hora de abordar el trabajo y compartir nuestras inquietudes a nivel de movimiento y estética, así como para guiarnos en los parajes de la isla.</p>

<p><strong>Como punto de partida:</strong></p>

<p>¿Qué se propone desde el cuerpo y qué se propone desde el dispositivo que capta?</p>

<p>¿Cómo dialoga este trío: naturaleza, cuerpo, ojo?</p>

<p>¿Qué sinergias se establecen? ¿Existen jerarquías? ¿Podemos ir más allá de las mismas?</p>

<p>¿Cómo jugamos con la alteridad? ¿Cuál es la relación íntima que se genera entre quien observa y quien se deja observar? Entre quien es observado y quien se deja observar. ¿Podemos cambiar los roles sin cambiar los dispositivos? ¿Qué hay del uno en el otro?</p>

<p>Sin un objetivo productivo como punto de partida, se generarán imágenes y aparecerán nuevas formas de ser de los cuerpos y el movimiento.</p>

<p>El resto tendremos que descubrirlo.</p>

<p>En esta residencia artística se plantea el diálogo entre el artista visual Rubén Vilanova y la bailarina y coreógrafa Núria Sotelo en el espacio natural de Mallorca. Los dos creadores, inmersos desde hace décadas en diversos proyectos de vida, gestión cultural y producción escénica, quieren iniciar una investigación sobre sus sinergias en el campo artístico. [&hellip;]</p>
