{"id":2873,"date":"2024-05-31T11:12:04","date_gmt":"2024-05-31T09:12:04","guid":{"rendered":"https:\/\/eimacreacio.com\/residencia\/perdre-el-cap-2\/"},"modified":"2024-06-07T10:18:39","modified_gmt":"2024-06-07T08:18:39","slug":"perdre-el-cap-2","status":"publish","type":"residencia","link":"https:\/\/eimacreacio.com\/es\/recidencia\/perdre-el-cap-2\/","title":{"rendered":"Perdre el cap"},"content":{"rendered":"\n<p>Desde un punto de vista est\u00e9tico, bas\u00e1ndonos en el concepto de estetizaci\u00f3n del escalofr\u00edo (concepto de Francine Fourmeaux), exploraremos nuestra identidad gravitatoria. As\u00ed, PERDRE EL CAP es una investigaci\u00f3n sobre los or\u00edgenes, lo ancestral, aquello que nos arrela a la tierra y nos da la fuerza para elevarnos. Una melena habitada por un ser mitol\u00f3gico, una simbiosis entre la animalidad y la sensualidad. Se trata de un proyecto de trabajo en equipo entre diferentes creadoras y t\u00e9cnicos, construido en varias capas, una creaci\u00f3n atravesada por varios niveles.<\/p>\n","protected":false},"excerpt":{"rendered":"<p>Desde un punto de vista est\u00e9tico, bas\u00e1ndonos en el concepto de estetizaci\u00f3n del escalofr\u00edo (concepto de Francine Fourmeaux), exploraremos nuestra identidad gravitatoria. As\u00ed, PERDRE EL CAP es una investigaci\u00f3n sobre los or\u00edgenes, lo ancestral, aquello que nos arrela a la tierra y nos da la fuerza para elevarnos. Una melena habitada por un ser mitol\u00f3gico, [&hellip;]<\/p>\n","protected":false},"author":3,"featured_media":1068,"template":"","edicio":[63],"tipus":[66],"class_list":["post-2873","residencia","type-residencia","status-publish","has-post-thumbnail","hentry","edicio-2024-es-2","tipus-libres"],"acf":[],"_links":{"self":[{"href":"https:\/\/eimacreacio.com\/es\/wp-json\/wp\/v2\/residencia\/2873","targetHints":{"allow":["GET"]}}],"collection":[{"href":"https:\/\/eimacreacio.com\/es\/wp-json\/wp\/v2\/residencia"}],"about":[{"href":"https:\/\/eimacreacio.com\/es\/wp-json\/wp\/v2\/types\/residencia"}],"author":[{"embeddable":true,"href":"https:\/\/eimacreacio.com\/es\/wp-json\/wp\/v2\/users\/3"}],"version-history":[{"count":0,"href":"https:\/\/eimacreacio.com\/es\/wp-json\/wp\/v2\/residencia\/2873\/revisions"}],"wp:featuredmedia":[{"embeddable":true,"href":"https:\/\/eimacreacio.com\/es\/wp-json\/wp\/v2\/media\/1068"}],"wp:attachment":[{"href":"https:\/\/eimacreacio.com\/es\/wp-json\/wp\/v2\/media?parent=2873"}],"wp:term":[{"taxonomy":"edicio","embeddable":true,"href":"https:\/\/eimacreacio.com\/es\/wp-json\/wp\/v2\/edicio?post=2873"},{"taxonomy":"tipus","embeddable":true,"href":"https:\/\/eimacreacio.com\/es\/wp-json\/wp\/v2\/tipus?post=2873"}],"curies":[{"name":"wp","href":"https:\/\/api.w.org\/{rel}","templated":true}]}}

<p>Desde un punto de vista estético, basándonos en el concepto de estetización del escalofrío (concepto de Francine Fourmeaux), exploraremos nuestra identidad gravitatoria. Así, PERDRE EL CAP es una investigación sobre los orígenes, lo ancestral, aquello que nos arrela a la tierra y nos da la fuerza para elevarnos. Una melena habitada por un ser mitológico, una simbiosis entre la animalidad y la sensualidad. Se trata de un proyecto de trabajo en equipo entre diferentes creadoras y técnicos, construido en varias capas, una creación atravesada por varios niveles.</p>

<p>Desde un punto de vista estético, basándonos en el concepto de estetización del escalofrío (concepto de Francine Fourmeaux), exploraremos nuestra identidad gravitatoria. Así, PERDRE EL CAP es una investigación sobre los orígenes, lo ancestral, aquello que nos arrela a la tierra y nos da la fuerza para elevarnos. Una melena habitada por un ser mitológico, [&hellip;]</p>
